 - 28. What is the tens digit of v?
1
Let f be ((-6)/(-9))/(2/15). Suppose 4*y + 29 = f*y - 3*h, 5*h - 3 = -2*y. What is the units digit of y?
4
What is the tens digit of ((2 - 0) + -1)/((-64)/(-24384))?
8
Let l = -37 + 40. Suppose 5*x + 243 = l*c + 28, -3*c + 2*x + 221 = 0. What is the units digit of c?
5
Let o(y) = 2*y**2 - 3*y**3 + 5 - 15 + 13*y + 11*y**2. Let l(q) = -10*q**3 + 40*q**2 + 39*q - 31. Let u(h) = -2*l(h) + 7*o(h). What is the units digit of u(12)?
4
What is the hundreds digit of (40 - 3)/(-2 + (-1980)/(-984))?
0
Let x be ((-54)/(-7))/((-2)/(-14)). Suppose 4*i = 2*i + x. Let v = -10 + i. What is the units digit of v?
7
Let q = 98 - 95. Suppose 5*o - 157 = q*o - 5*k, -269 = -4*o - k. What is the tens digit of o?
6
Let y(g) = 12*g**2 - 167*g - 32. What is the thousands digit of y(21)?
1
Suppose -18*a = -2*a - 4736. What is the tens digit of a?
9
Let c(p) = p**2 - 8*p + 6. Let g be c(5). Let d = g + 44. Suppose 0 = -2*n + 19 + d. What is the tens digit of n?
2
What is the tens digit of (-27)/18*(-1828)/6?
5
Suppose -3*d - 2*i + 2116 = 0, 3*d + 3*i - 4*i = 2110. What is the units digit of d?
4
Suppose 12 = 4*s + 4. Let i be ((s - 0) + -1)*17. What is the tens digit of i/85 + 438/10?
4
Suppose -3*m + 3*j + 432 = 0, 5*m + 3*j = 7*j + 719. Suppose -146*t + 282 = -m*t. What is the units digit of t?
4
Suppose -789 = -2*n - n. Let y = 500 - n. Suppose -4*d + y = -i + 6*i, 0 = 2*i - 2. What is the units digit of d?
8
Let n = -220 + 258. What is the tens digit of n?
3
Let k = 1008 + -788. What is the hundreds digit of k?
2
Suppose -9*y + 78126 = 20*y. What is the tens digit of y?
9
Let k be 4/(-6) - (-80)/12. Suppose k*j - 3*j = 243. Let h = j - 33. What is the tens digit of h?
4
What is the hundreds digit of 306 + 0 + 12 + -15 + -2?
3
Let x(c) = 346*c - 1. Let b be x(1). Let u be -2 + -1 + (-2 - -3). What is the units digit of u/((-10)/b) - -2?
1
Let g = 935 + -180. What is the hundreds digit of g?
7
Suppose 4*y - 3783 = 5*z, -7*y + z = -6*y - 946. What is the tens digit of y?
4
What is the units digit of (-972 - 1)*576/(-112)?
4
Let s(l) = -1198*l**3 - l + 1 + 0 + 1. Let t be s(1). What is the units digit of t/(-135) + (-4)/(-30)?
9
Suppose 9*w - 22100 = -8*w. What is the units digit of w?
0
Let s be (18/(-15))/((-2)/(-5)). Let h(v) = -4*v + 6. Let c(m) = -4*m + 6. Let d(n) = -2*c(n) + 3*h(n). What is the units digit of d(s)?
8
Let w be 2/(-3) + (-796)/(-24)*4. Let b = w + -63. What is the tens digit of b?
6
Let b be (-1)/(-6) + 286/12. Let q = 36 - b. Let u = 32 + q. What is the units digit of u?
4
Suppose 55 = 5*y - 220. Suppose 1 = d, 3*d - y = 3*x - 211. What is the tens digit of x?
5
Let i(u) = -u**3 + 8*u**2 + 10*u + 4. Suppose -3*f = -2*p - 33, 2*p + 27 = 4*f + 5*p. What is the units digit of i(f)?
3
Let l = -10 - -10. Let t(r) = r**2 + r + 5. Let n be t(l). Suppose -244 = n*a - 9*a. What is the units digit of a?
1
Suppose 2*b + 4*g = b - 316, 4*b + g = -1309. What is the units digit of b/12*(-1 + -2)?
2
Let x(u) be the second derivative of -5/2*u**2 - 1/3*u**4 - 1/20*u**5 - 9*u + u**3 + 0. What is the units digit of x(-6)?
1
Suppose -4*n - 113 = -41. What is the units digit of n/(1/((-5)/10))?
9
Let x(m) be the first derivative of m**4/4 - 2*m**3/3 - 7*m**2/2 - 7*m + 9. Let g be x(5). What is the tens digit of (-110)/g*36/(-10)?
1
Suppose -18 = -5*m - 8. Suppose -4 = 4*c, -3*u - 4*c = m*u - 61. Let q(a) = a + 14. What is the units digit of q(u)?
7
Let x(o) = 3 + 7*o**2 - 3 - 6*o + o**3. Suppose 3*u - 63 = 12*u. What is the units digit of x(u)?
2
Let k(z) = -z**2 - 9*z + 36. Let i be k(-12). Suppose 2*b = 3*o - 345, 5*o + 5*b + i*b = 600. What is the units digit of o?
7
Let y(t) = -t**3 + 14*t**2 + 18*t - 44. What is the units digit of y(12)?
0
Let p(w) be the first derivative of -w**4/4 - 2*w**3 + w**2/2 + 6*w + 2. Let u be p(-6). What is the tens digit of (6 - u)*114/18?
3
Suppose 0 = -2*m + 4 - 2, -8 = -3*r + m. Suppose -5*y = -2*b + 8, r*y - 3*b = -7 - 5. Suppose 0*v - 3*v + 51 = y. What is the tens digit of v?
1
Suppose 25*w - 6464 = 24*w + 4*v, 3*w - 19401 = 3*v. What is the tens digit of w?
6
Let p = -26 + 28. What is the tens digit of (-1222)/(-13)*3/p?
4
Suppose 0 = 5*h - 8 - 2. What is the tens digit of (-6)/15*5 + 88/h?
4
Let y = -27 + 29. Suppose -y*b - 116 = -382. What is the units digit of b?
3
Let i(t) = -t**3 - 11*t**2 - 14*t - 13. Let v be i(-10). Let c = 31 - v. What is the units digit of c?
4
Suppose -8211 = -8*v + 3781. What is the hundreds digit of v?
4
Let d(k) = 160*k**2 - k + 1. Suppose p + 5*n = 6, -p + 4 = n + 2. What is the units digit of d(p)?
0
Suppose 26*l = 19*l. What is the units digit of (79 + l)*(4 - 2)?
8
Let f(w) = w**3 + 10*w**2 - 9*w + 7. Let r be f(-11). Let j = 16 + r. What is the units digit of j?
1
Suppose -3*p + 27 = -3*i, -5*i - 16 = -i. Suppose 191 + 19 = p*t. What is the tens digit of t?
4
Let l(z) = 27*z**2 + 8*z + 9. Let w be l(-2). Suppose 2*j + 19 = w. What is the units digit of j?
1
Let a(x) = 5*x**2 + 6*x - 3. Let b(o) = 6*o**2 + 7*o - 4. Let j(t) = -7*a(t) + 6*b(t). What is the tens digit of j(-4)?
1
Let y be (80/(-50))/((-2)/5). Suppose 2*c = y*c + 2. What is the tens digit of 4/1 - 8*c?
1
Suppose 5*i - 101 = 3*i - 3*c, 4*i - c - 223 = 0. What is the units digit of i?
5
Let p(o) = -2*o - 32. Let v be p(0). Let g = v - -28. What is the units digit of 47*-1*4/g?
7
Let k(p) be the third derivative of p**6/120 + 2*p**5/15 - p**4/4 - 5*p**3/2 - 11*p**2. What is the units digit of k(-7)?
6
Let q = 5807 + -2691. What is the units digit of q?
6
Suppose 10 = 2*n, -2*n + n = 5*r. Let o = 4 - 11. What is the units digit of (o/2)/(r/6)?
1
Suppose -5*f + 1449 = -2*f. What is the hundreds digit of f?
4
Let t = 3790 - 643. What is the hundreds digit of t?
1
Let c(u) = u**2 + 2*u + 1. Let d be 45/18*(-16)/10. What is the units digit of c(d)?
9
Suppose -m + 2*d + 3*d = 13, 2*m + 2*d - 10 = 0. Suppose 3*s + 2*c - 6 = -1, 0 = -4*s - 3*c + 6. What is the units digit of -3*m/(-6)*s?
3
Let y(r) = -53*r + 1. Let k be y(-1). Let c(l) = 2*l**2 - 2*l - 1. Let n be c(-1). Suppose n*x - 36 = k. What is the tens digit of x?
3
Let l = -475 + 868. What is the hundreds digit of l?
3
Suppose -6*j - 5*s + 40 = -2*j, -3*j + 31 = 4*s. Suppose -j*m + 166 + 332 = 4*u, -u = -2*m + 194. What is the tens digit of m?
9
Suppose -326 = -2*y + 16. What is the units digit of y?
1
Suppose 5*j + 2*l + 50 = 0, 0 = -6*l + 4*l. What is the tens digit of 2*(0 + (-1095)/j)?
1
Let q be 123*2 - (-2 - -5). Let z = q + -165. Suppose 2 = 4*o - z. What is the tens digit of o?
2
Let f(a) = a**3 - 3*a**2 - 125*a + 76. What is the hundreds digit of f(19)?
4
Suppose 134 = l + 3*c, -2*c - 263 = -2*l - 35. Suppose 2*z - l = -2*v - z, 4*v + 3*z = 235. What is the units digit of v?
8
Let u be (-24)/(-15)*15/6. Let v be -17 + (-1)/(u/(-12)). Let b(m) = -m**2 - 18*m + 1. What is the tens digit of b(v)?
5
Let v be ((54/(-12))/(-3))/(2/4). Suppose -2*n + 346 = 2*w + 26, 0 = 5*n + v*w - 794. What is the hundreds digit of n?
1
Suppose -3*s - 5*z + 1142 = 0, 2*s - 6*s + 4*z = -1544. What is the hundreds digit of s?
3
Let f = -400 - -673. What is the tens digit of f?
7
Let u(s) = -s**3 + 10*s**2 - s + 12. Let a be u(10). Let b be 60/18*3/a. Suppose b*i - 88 = 182. What is the tens digit of i?
5
Let s(w) = -2*w + 158. Let m be s(0). Suppose -4*j = 166 + m. Let c = 130 + j. What is the tens digit of c?
4
Suppose 2*o + 6930 = 5*l + 6*o, -2*o = 2*l - 2774. What is the tens digit of l?
8
Suppose -4*u + 352 = 4*t, -3*t - 4*u = -t - 184. What is the units digit of t?
4
Let r be -23*1*(-1)/1. Let i = -21 + r. Suppose 0 = 5*m - i*m - 177. What is the tens digit of m?
5
Let h(r) = r**2 - 15*r + 33. Let u be (0 + 34/(-4))/((-20)/40). What is the units digit of h(u)?
7
Suppose -2*j = -5*k + 3 + 7, -5*j = 5*k - 45. What is the tens digit of 82/(-8)*(j - 13)?
8
Let d = 1907 + 1266. What is the units digit of d?
3
Suppose 3*w + 5 + 13 = 0. What is the tens digit of (425/(-30))/5*w?
1
Let k(p) = 85*p**2 - 4*p + 4. What is the tens digit of k(2)?
3
Let s be 3 + 4 + -72 + 1. Let d = s - -69. What is the units digit of d?
5
Let w = 5 - 3. Suppose -w*f + 0 + 10 = 0. Suppose f*p - 9 = 3*i + 104, -2*p - 2*i = -42. What is the units digit of p?
2
Suppose -11 = -h + 4. L